{"id":68389,"date":"2025-08-14T09:32:01","date_gmt":"2025-08-14T06:32:01","guid":{"rendered":"https:\/\/www.tekislastik.com\/?post_type=product&#038;p=68389"},"modified":"2026-04-01T17:12:02","modified_gmt":"2026-04-01T14:12:02","slug":"15mm-azim-paca-bel-lastigi","status":"publish","type":"product","link":"https:\/\/www.tekislastik.com\/tr\/product\/15mm-azim-paca-bel-lastigi\/","title":{"rendered":"15mm Azim Pa\u00e7a Bel Lasti\u011fi"},"content":{"rendered":"<h1><strong>15mm Azim Pa\u00e7a Bel Lasti\u011fi<\/strong><\/h1>\n<p>15mm Azim pa\u00e7a bel lasti\u011fi, hafif yap\u0131s\u0131 ve ekonomik fiyat\u0131yla \u00f6ne \u00e7\u0131kan, siyah\u2013beyaz renk se\u00e7enekleriyle konfeksiyon sekt\u00f6r\u00fcnde yayg\u0131n olarak kullan\u0131lan bir dokuma lastiktir. Ayr\u0131ca t\u00fcm \u00fcr\u00fcnlerimiz <a href=\"https:\/\/www.oeko-tex.com\/en\/\" target=\"_blank\" rel=\"noopener\">OEKO-TEX<\/a> sertifikal\u0131d\u0131r.<\/p>\n<h2><strong>Teknik \u00d6zellikleri<\/strong><\/h2>\n<table style=\"height: 330px;\" width=\"592\">\n<tbody>\n<tr>\n<td width=\"283\"><strong>\u00d6zellik<\/strong><\/td>\n<td width=\"283\"><strong>De\u011fer<\/strong><\/td>\n<\/tr>\n<tr>\n<td width=\"283\">Geni\u015flik<\/td>\n<td width=\"283\">15 mm<\/td>\n<\/tr>\n<tr>\n<td width=\"283\">Malzeme<\/td>\n<td width=\"283\">Polyester<\/td>\n<\/tr>\n<tr>\n<td width=\"283\">Renk<\/td>\n<td width=\"283\">Siyah \u2013 Beyaz (Stok), Renkli (\u00d6zel \u00fcretim)<\/td>\n<\/tr>\n<tr>\n<td width=\"283\">Kullan\u0131m Alan\u0131<\/td>\n<td width=\"283\">Pa\u00e7a, bel, konfeksiyon \u00fcr\u00fcnleri<\/td>\n<\/tr>\n<tr>\n<td width=\"283\">Ambalaj<\/td>\n<td width=\"283\">10 metrelik rulolar<\/td>\n<\/tr>\n<tr>\n<td width=\"283\">Minimum Sipari\u015f<\/td>\n<td width=\"283\">2000 metre (\u00f6zel \u00fcretim i\u00e7in)<\/td>\n<\/tr>\n<\/tbody>\n<\/table>\n<h2><strong>15mm Azim Pa\u00e7a Bel Lasti\u011fi Kullan\u0131m ve Uygulama Alanlar\u0131<\/strong><\/h2>\n<ul>\n<li>\u0130\u00e7 giyim \u00fcr\u00fcnlerinin bel ve pa\u00e7a k\u0131s\u0131mlar\u0131nda<\/li>\n<li>Ev tekstili \u00fcr\u00fcnlerinde<\/li>\n<li><a href=\"https:\/\/www.tekislastik.com\/tr\/tekstil-endustrisi\/\">Spor giyim ve e\u015fofman \u00fcretiminde<\/a><\/li>\n<li>Toptan konfeksiyon at\u00f6lyelerinde<\/li>\n<li>Promosyon tekstil \u00fcretiminde<\/li>\n<\/ul>\n<h2><strong>\u00dcretici G\u00fcc\u00fc ve Avantajlar\u0131<\/strong><\/h2>\n<p>Teki\u015f Lastik, Azim markas\u0131yla hafif gramajl\u0131 dokuma lastikleri uygun fiyatlarla sunar. Y\u00fcksek adetli \u00fcretim kapasitesi ve minimum 2000 metre \u00f6zel \u00fcretim se\u00e7ene\u011fi ile stoktan h\u0131zl\u0131 teslim avantaj\u0131 sa\u011flar.<\/p>\n","protected":false},"excerpt":{"rendered":"<p>15mm Azim Pa\u00e7a Bel Lasti\u011fi 15mm Azim pa\u00e7a bel lasti\u011fi, hafif yap\u0131s\u0131 ve ekonomik fiyat\u0131yla \u00f6ne \u00e7\u0131kan, siyah\u2013beyaz renk se\u00e7enekleriyle konfeksiyon sekt\u00f6r\u00fcnde yayg\u0131n olarak kullan\u0131lan bir dokuma lastiktir. Ayr\u0131ca t\u00fcm \u00fcr\u00fcnlerimiz OEKO-TEX sertifikal\u0131d\u0131r. Teknik \u00d6zellikleri \u00d6zellik De\u011fer Geni\u015flik 15 mm&#8230;<\/p>\n","protected":false},"featured_media":68408,"comment_status":"open","ping_status":"closed","template":"","meta":[],"product_brand":[],"product_cat":[2240,2308,2231],"product_tag":[8495,6795,6944,7230,8298,3669,6810,4656,4651,8171,6802,2619,6779,8643,7229,4546,4670,6783,8313,4673,6801,6812,4646],"class_list":{"0":"post-68389","1":"product","2":"type-product","3":"status-publish","4":"has-post-thumbnail","6":"product_cat-lastik","7":"product_cat-dokuma-lastik","8":"product_cat-paca-lastik","9":"product_tag-15-mm","10":"product_tag-15mm","11":"product_tag-ambalaj","12":"product_tag-bel-lastigi","13":"product_tag-beyaz","14":"product_tag-dokuma","15":"product_tag-esofman","16":"product_tag-ev-tekstili","17":"product_tag-giyim","18":"product_tag-hafif","19":"product_tag-konfeksiyon","20":"product_tag-lastik","21":"product_tag-oeko-tex","22":"product_tag-paca-bel-lastigi","23":"product_tag-paca-lastik","24":"product_tag-polyester","25":"product_tag-promosyon","26":"product_tag-renk","27":"product_tag-renkli","28":"product_tag-siyah","29":"product_tag-spor-giyim","30":"product_tag-tekis-lastik","31":"product_tag-tekstil","32":"pa_renk-beyaz","33":"pa_renk-siyah","35":"first","36":"instock","37":"taxable","38":"shipping-taxable","39":"purchasable","40":"product-type-variable","41":"has-default-attributes"},"_links":{"self":[{"href":"https:\/\/www.tekislastik.com\/tr\/wp-json\/wp\/v2\/product\/68389","targetHints":{"allow":["GET"]}}],"collection":[{"href":"https:\/\/www.tekislastik.com\/tr\/wp-json\/wp\/v2\/product"}],"about":[{"href":"https:\/\/www.tekislastik.com\/tr\/wp-json\/wp\/v2\/types\/product"}],"replies":[{"embeddable":true,"href":"https:\/\/www.tekislastik.com\/tr\/wp-json\/wp\/v2\/comments?post=68389"}],"wp:featuredmedia":[{"embeddable":true,"href":"https:\/\/www.tekislastik.com\/tr\/wp-json\/wp\/v2\/media\/68408"}],"wp:attachment":[{"href":"https:\/\/www.tekislastik.com\/tr\/wp-json\/wp\/v2\/media?parent=68389"}],"wp:term":[{"taxonomy":"product_brand","embeddable":true,"href":"https:\/\/www.tekislastik.com\/tr\/wp-json\/wp\/v2\/product_brand?post=68389"},{"taxonomy":"product_cat","embeddable":true,"href":"https:\/\/www.tekislastik.com\/tr\/wp-json\/wp\/v2\/product_cat?post=68389"},{"taxonomy":"product_tag","embeddable":true,"href":"https:\/\/www.tekislastik.com\/tr\/wp-json\/wp\/v2\/product_tag?post=68389"}],"curies":[{"name":"wp","href":"https:\/\/api.w.org\/{rel}","templated":true}]}}

15mm Azim Paça Bel Lastiği

<h1><strong>15mm Azim Paça Bel Lastiği</strong></h1>
<p>15mm Azim paça bel lastiği, hafif yapısı ve ekonomik fiyatıyla öne çıkan, siyah–beyaz renk seçenekleriyle konfeksiyon sektöründe yaygın olarak kullanılan bir dokuma lastiktir. Ayrıca tüm ürünlerimiz <a href="https://www.oeko-tex.com/en/" target="_blank" rel="noopener">OEKO-TEX</a> sertifikalıdır.</p>
<h2><strong>Teknik Özellikleri</strong></h2>
<table style="height: 330px;" width="592">
<tbody>
<tr>
<td width="283"><strong>Özellik</strong></td>
<td width="283"><strong>Değer</strong></td>
</tr>
<tr>
<td width="283">Genişlik</td>
<td width="283">15 mm</td>
</tr>
<tr>
<td width="283">Malzeme</td>
<td width="283">Polyester</td>
</tr>
<tr>
<td width="283">Renk</td>
<td width="283">Siyah – Beyaz (Stok), Renkli (Özel üretim)</td>
</tr>
<tr>
<td width="283">Kullanım Alanı</td>
<td width="283">Paça, bel, konfeksiyon ürünleri</td>
</tr>
<tr>
<td width="283">Ambalaj</td>
<td width="283">10 metrelik rulolar</td>
</tr>
<tr>
<td width="283">Minimum Sipariş</td>
<td width="283">2000 metre (özel üretim için)</td>
</tr>
</tbody>
</table>
<h2><strong>15mm Azim Paça Bel Lastiği Kullanım ve Uygulama Alanları</strong></h2>
<ul>
<li>İç giyim ürünlerinin bel ve paça kısımlarında</li>
<li>Ev tekstili ürünlerinde</li>
<li><a href="https://www.tekislastik.com/tr/tekstil-endustrisi/">Spor giyim ve eşofman üretiminde</a></li>
<li>Toptan konfeksiyon atölyelerinde</li>
<li>Promosyon tekstil üretiminde</li>
</ul>
<h2><strong>Üretici Gücü ve Avantajları</strong></h2>
<p>Tekiş Lastik, Azim markasıyla hafif gramajlı dokuma lastikleri uygun fiyatlarla sunar. Yüksek adetli üretim kapasitesi ve minimum 2000 metre özel üretim seçeneği ile stoktan hızlı teslim avantajı sağlar.</p>

<p>15mm Azim Paça Bel Lastiği 15mm Azim paça bel lastiği, hafif yapısı ve ekonomik fiyatıyla öne çıkan, siyah–beyaz renk seçenekleriyle konfeksiyon sektöründe yaygın olarak kullanılan bir dokuma lastiktir. Ayrıca tüm ürünlerimiz OEKO-TEX sertifikalıdır. Teknik Özellikleri Özellik Değer Genişlik 15 mm&#8230;</p>
